{"id":399,"date":"2016-03-15T17:49:34","date_gmt":"2016-03-15T16:49:34","guid":{"rendered":"http:\/\/congion.sksne.local\/?page_id=399"},"modified":"2025-10-03T14:52:20","modified_gmt":"2025-10-03T12:52:20","slug":"datenschutz","status":"publish","type":"page","link":"https:\/\/comcloud.info\/?page_id=399","title":{"rendered":"Datenschutz"},"content":{"rendered":"<div class=\"wpb-content-wrapper\"><p>[vc_row][vc_column][vc_column_text]<\/p>\n<p style=\"text-align: center;\"><span style=\"font-size: 300%; color: #000000;\">Datenschutzerkl\u00e4rung<\/span><\/p>\n<p>&nbsp;<\/p>\n<p><span style=\"font-size: 150%; color: #4cbed3;\">Einleitung<\/span><\/p>\n<p><span style=\"font-size: 100%; color: #808080;\">Als Anbieter dieser Internetseiten sind wir gesetzlich verpflichtet, Sie \u00fcber Zweck, Umfang und Art der Erhebung und Verwendung Ihrer personenbezogenen Daten zu informieren. Damit Sie ein gutes Gef\u00fchl daf\u00fcr bekommen, auf welche Art und Weise wir Daten erheben, verarbeiten und nutzen, m\u00f6chten wir einen \u00dcberblick \u00fcber Datenverarbeitung geben. Bei weiteren Fragen d\u00fcrfen Sie sich selbstverst\u00e4ndlich jederzeit gerne an uns wenden.<\/span><\/p>\n<p><span style=\"font-size: 150%; color: #4cbed3;\">Personenbezogene Daten<\/span><\/p>\n<p><span style=\"font-size: 100%; color: #808080;\">Personenbezogene Daten sind nach \u00a7 3 Abs.1 BDSG Einzelangaben \u00fcber pers\u00f6nliche und sachliche Verh\u00e4ltnisse einer bestimmten oder bestimmbaren nat\u00fcrlichen Person. Nach der derzeitigen Rechtsprechung werden IP-Adressen ebenfalls als personenbezogene Daten bewertet.<\/span><\/p>\n<p><span style=\"font-size: 150%; color: #4cbed3;\">Protokollierung \/ IP-Adressen<\/span><\/p>\n<p><span style=\"font-size: 100%; color: #808080;\">Beim Besuch unserer Internetseite werden Daten erhoben, verarbeitet und genutzt, bei denen ein Personenbezug m\u00f6glicherweise nicht immer ausgeschlossen werden kann. Damit die Seiten in Ihrem Browser dargestellt werden k\u00f6nnen, muss die IP-Adresse erhoben und gespeichert werden. In der Regel wird eine IP-Adresse derzeit durch Ihren Internet-Provider dynamisch vergeben. Diese Adresse wechselt meist regelm\u00e4\u00dfig, so dass wir selbst aus der IP-Adresse keinen Personenbezug herstellen k\u00f6nnen. In Einzelf\u00e4llen (z.B. bei sog. statischen IP-Adressen) w\u00e4re jedoch ggf. die Herstellung eines Personenbezuges theoretisch denkbar. Als Anbieter haben wir jedoch kein Interesse an der Herstellung eines Personenbezuges und werden diesen auch grunds\u00e4tzlich nicht vornehmen.<\/span><\/p>\n<p><span style=\"font-size: 100%; color: #808080;\">Im Einzelnen wird \u00fcber jeden Abruf durch Ihr Endger\u00e4t (PC, Mobilfunktelefon etc.) folgender Datensatz gespeichert:<\/span><\/p>\n<p><span style=\"font-size: 100%; color: #808080;\">&#8211; IP-Adresse des aufrufenden Endger\u00e4ts,<\/span><br \/>\n<span style=\"font-size: 100%; color: #808080;\">&#8211; Betriebssystem des aufrufenden Endger\u00e4ts,<\/span><br \/>\n<span style=\"font-size: 100%; color: #808080;\">&#8211; Browser Version des aufrufenden Endger\u00e4ts,<\/span><br \/>\n<span style=\"font-size: 100%; color: #808080;\">&#8211; Name der abgerufenen Datei,<\/span><br \/>\n<span style=\"font-size: 100%; color: #808080;\">&#8211; Datum und Uhrzeit des Abrufs, <\/span><\/p>\n<p><span style=\"font-size: 100%; color: #808080;\">Die gespeicherten Daten werden nur zu statistischen Zwecken und nicht zur Herstellung eines konkreten Personenbezuges ausgewertet. Die Daten werden ferner genutzt, um die Fehlerbeseitigung zu erm\u00f6glichen.<\/span><\/p>\n<p><span style=\"font-size: 150%; color: #4cbed3;\">Cookies<\/span><\/p>\n<p><span style=\"font-size: 100%; color: #808080;\">Diese Internetseite verwendet Cookies. Cookies sind kleine Textinformationen, die \u00fcber Ihren Browser im Endger\u00e4t als Datei gespeichert werden. Cookies sind nicht grunds\u00e4tzlich unsicher oder riskant, sondern erlauben Userinteraktionen und auch sonstige sinnvolle Sachen. Sie dienen der Steuerung der Internet-Verbindung w\u00e4hrend Ihres Besuchs auf unseren Webseiten. Gleichzeitig erhalten wir \u00fcber diese Cookies Informationen, die es uns erm\u00f6glichen, unsere Webseiten auf die Bed\u00fcrfnisse der Besucher zu optimieren. Wir verwenden Cookies nur f\u00fcr die Dauer des Aufenthalts auf der Webseite, sogenannte \u201eSession-Cookies\u201c.<\/span><\/p>\n<p><span style=\"font-size: 100%; color: #808080;\">Sie k\u00f6nnen den Gebrauch von Cookies unterbinden, wenn Sie in Ihrem Browser das Setzen von Cookies f\u00fcr diese Webseite blockieren, indem Sie z.B. eine Ausnahme im Browser einrichten (so z.B. im Browser Firefox) oder ein geeignetes \u201ePlug-In\u201c verwenden. Bitte sehen Sie ggf. in der Programmhilfe nach, wie Sie das in Ihrem Browser einrichten k\u00f6nnen. Nat\u00fcrlich k\u00f6nnen Sie auch anlassbezogen im Einzelfall oder periodisch Cookies in Ihrem Browser l\u00f6schen, um z.B. eine Analyse Ihres Nutzungsverhaltens zu unterbinden oder einzuschr\u00e4nken. <\/span><\/p>\n<p><span style=\"font-size: 150%; color: #4cbed3;\">E-Mail \/ Kontakt-Formular<\/span><\/p>\n<p><span style=\"font-size: 100%; color: #808080;\">Dar\u00fcber hinaus werden pers\u00f6nliche Daten nur dann gespeichert, wenn Sie uns diese von sich aus angeben, z.B. im Rahmen einer Kontaktaufnahme, einer Anmeldung zu einer Veranstaltung oder zur Durchf\u00fchrung eines Vertrags. Sie werden in den jeweiligen Eingabe- und Kontaktformularen \u00fcber die Zwecke der Erhebung der dort erhobenen Daten informiert.<\/span><\/p>\n<p><span style=\"font-size: 100%; color: #808080;\">Die personenbezogenen Daten, die Sie uns \u00fcber diese Webseite oder per E-Mail mitteilen (z.B. Ihr Name und Ihre Adresse oder Ihre E-Mail-Adresse), werden nur zur Korrespondenz mit Ihnen und nur f\u00fcr den Zweck verarbeitet, zu dem Sie uns die Daten zur Verf\u00fcgung gestellt haben.<\/span><\/p>\n<p><span style=\"font-size: 100%; color: #808080;\">Beachten Sie jedoch bitte, dass unverschl\u00fcsselte E-Mails, die \u00fcber das Internet versendet werden, nicht hinreichend vor der unbefugten Kenntnisnahme durch Dritte gesch\u00fctzt sind.<\/span><\/p>\n<p><span style=\"font-size: 150%; color: #4cbed3;\">Bewerbungen<\/span><\/p>\n<p><span style=\"font-size: 100%; color: #808080;\">Bei Bewerbungsunterlagen und Dokumenten, die Sie uns initiativ oder auf Stellenangebote gezielt per E-Mail zusenden m\u00f6chten, kann nicht vollst\u00e4ndig f\u00fcr die Sicherheit der Daten bei der Daten\u00fcbertragung garantiert werden. Bei einer E-Mail handelt es sich technisch im Allgemeinen nicht um einen sicheren Kommunikationsweg. Wir empfehlen daher f\u00fcr die \u00dcbermittlung von vertraulichen Informationen und Unterlagen eine Verschl\u00fcsselung zu nutzen oder den Postweg zu w\u00e4hlen.<\/span><\/p>\n<p><span style=\"font-size: 150%; color: #4cbed3;\">Analyse und Statistiken<\/span><\/p>\n<p><span style=\"font-size: 100%; color: #808080;\">Zu Zwecken des Marketings und der Optimierung werden auf dieser Webseite Produkte und Dienstleistungen des Unternehmens WiredMinds (http:\/\/www.wiredminds.de) verwendet. Dabei werden Daten erhoben, verarbeitet und gespeichert, aus denen unter einem Pseudonym Nutzungsprofile erstellt werden. Wo m\u00f6glich und sinnvoll werden die Nutzungsprofile vollst\u00e4ndig anonymisiert. Dies schlie\u00dft unter Umst\u00e4nden auch die Verwendung von Cookies ein, die ebenfalls Daten in pseudonymer Form sammeln und speichern. Keinesfalls werden die Daten zur pers\u00f6nlichen Identifizierung eines Besuchers verwendet (soweit dies technisch \u00fcberhaupt m\u00f6glich w\u00e4re) oder in Zusammenhang mit den Daten \u00fcber den Tr\u00e4ger eines Pseudonyms gebracht. Die erhobenen Daten, die auch personenbezogene Daten beinhalten k\u00f6nnen, werden an WiredMinds \u00fcbermittelt oder direkt durch WiredMinds erhoben. Soweit IP-Adressen erhoben werden, werden diese unverz\u00fcglich nach Erhebung durch L\u00f6schen des letzten Nummernblocks anonymisiert. Der Datenerhebung, -verarbeitung und \u2013speicherung kann jederzeit mit Wirkung f\u00fcr die Zukunft durch einen Klick auf folgenden Link widersprochen werden:<\/span><\/p>\n<p><span style=\"font-size: 150%; color: #4cbed3;\">Google Analytics<\/span><\/p>\n<p><span style=\"font-size: 100%; color: #808080;\">Diese Website benutzt Google Analytics, einen Webanalysedienst der Google Inc. (\u201eGoogle\u201c). Google Analytics verwendet daf\u00fcr sog. \u201eCookies\u201c \u2013 also kleine Textdateien, die auf Ihrem Computer gespeichert werden und die eine Analyse der Benutzung der Webseite durch Sie erm\u00f6glichen. Die durch das Cookie erzeugten Informationen \u00fcber Ihre Benutzung dieser Website werden in der Regel an einen Server von Google in den USA \u00fcbertragen und dort gespeichert. Im Falle der Aktivierung der IP-Anonymisierung auf dieser Website, wird Ihre IP-Adresse von Google jedoch innerhalb von Mitgliedstaaten der Europ\u00e4ischen Union oder in anderen Vertragsstaaten des Abkommens \u00fcber den Europ\u00e4ischen Wirtschaftsraum zuvor gek\u00fcrzt. Nur in Ausnahmef\u00e4llen wird die volle IP-Adresse an einen Server von Google in den USA \u00fcbertragen und dort gek\u00fcrzt. Im Auftrag des Betreibers dieser Website wird Google diese Informationen benutzen, um Ihre Nutzung der Website auszuwerten, um Reports \u00fcber die Websiteaktivit\u00e4ten zusammenzustellen und um weitere mit der Websitenutzung und der Internetnutzung verbundene Dienstleistungen gegen\u00fcber dem Websitebetreiber zu erbringen. Die im Rahmen von Google Analytics von Ihrem Browser \u00fcbermittelte IP-Adresse wird nicht mit anderen Daten von Google zusammengef\u00fchrt. Sie k\u00f6nnen die Speicherung der Cookies durch eine entsprechende Einstellung Ihrer Browser-Software verhindern; wir weisen Sie jedoch darauf hin, dass Sie in diesem Fall gegebenenfalls nicht s\u00e4mtliche Funktionen dieser Website vollumf\u00e4nglich werden nutzen k\u00f6nnen. Sie k\u00f6nnen dar\u00fcber hinaus die Erfassung der durch das Cookie erzeugten und auf Ihre Nutzung der Website bezogenen Daten (inkl. Ihrer IP-Adresse) an Google sowie die Verarbeitung dieser Daten durch Google verhindern, indem Sie das unter dem folgenden Link (http:\/\/tools.google.com\/dlpage\/gaoptout?hl=de) verf\u00fcgbare Browser-Plugin herunterladen und installieren.<\/span><\/p>\n<p><span style=\"font-size: 100%; color: #808080;\">Sie k\u00f6nnen die Erfassung durch Google Analytics verhindern, indem Sie auf folgenden Link klicken. Es wird ein Opt-Out-Cookie gesetzt, der die zuk\u00fcnftige Erfassung Ihrer Daten beim Besuch dieser Website verhindert: Google Analytics deaktivieren<\/span><\/p>\n<p><span style=\"font-size: 100%; color: #808080;\">N\u00e4here Informationen zu Nutzungsbedingungen und Datenschutz finden Sie unter http:\/\/www.google.com\/analytics\/terms\/de bzw. unter https:\/\/www.google.de\/intl\/de\/policies\/. Wir weisen Sie darauf hin, dass auf dieser Webseite Google Analytics um den Code \u201eanonymizeIp\u201c erweitert wurde, um eine anonymisierte Erfassung von IP-Adressen (sog. IP-Masking) zu gew\u00e4hrleisten.<\/span><\/p>\n<p><span style=\"font-size: 150%; color: #4cbed3;\">Berichtigung, L\u00f6schung und Widerspruch<\/span><\/p>\n<p><span style=\"font-size: 100%; color: #808080;\">Wenn Sie uns personenbezogene Daten \u00fcberlassen haben, kommen wir gerne Ihrem Wunsch nach Berichtigung oder L\u00f6schung der zur Ihrer Person gespeicherten Daten nach \u00a7 35 BDSG nach, sofern dem keine gesetzlichen Regelungen entgegenstehen. Ist eine L\u00f6schung von Daten nicht m\u00f6glich, so tritt an deren Stelle die Sperrung der Daten.<\/span><\/p>\n<p><span style=\"font-size: 100%; color: #808080;\">Personenbezogene Daten, die uns \u00fcber unsere Website mitgeteilt worden sind, werden nur so lange gespeichert, bis der Zweck erf\u00fcllt ist, zu dem sie uns anvertraut wurden. Soweit handels- und steuerrechtliche Aufbewahrungsfristen zu beachten sind, kann die Speicherdauer zu bestimmten Daten bis zu 10 Jahre betragen.<\/span><\/p>\n<p><span style=\"font-size: 100%; color: #808080;\">Im \u00dcbrigen bedarf die Verwendung Ihrer E-Mail-Adresse, Ihrer Telefon- und\/oder Mobilfunknummer sowie Ihrer Faxnummer zum Zweck der Werbung einer gesonderten Einwilligung. Diese Einwilligung k\u00f6nnen Sie elektronisch oder schriftlich bei der Eingabe Ihrer Daten erteilen und jederzeit mit Wirkung f\u00fcr die Zukunft widerrufen.<\/span><\/p>\n<p><span style=\"font-size: 150%; color: #4cbed3;\">Verlinkung auf andere Internetseiten<\/span><\/p>\n<p><span style=\"font-size: 100%; color: #808080;\">Wir verweisen gelegentlich auf (externe) Webseiten und Internetangebote Dritter. Wir k\u00f6nnen keine Gew\u00e4hr und Haftung f\u00fcr die Richtigkeit bzw. Vollst\u00e4ndigkeit der Inhalte und die Datensicherheit von Webseiten Dritter \u00fcbernehmen. Auch gilt diese Datenschutzerkl\u00e4rung nicht f\u00fcr verlinkte Webseiten und Internetangebote Dritter.<\/span><\/p>\n<p><span style=\"font-size: 150%; color: #4cbed3;\">Auskunftsanspruch<\/span><\/p>\n<p><span style=\"font-size: 100%; color: #808080;\">Nach \u00a7 34 BDSG haben Sie die M\u00f6glichkeit, Auskunft \u00fcber die bei uns zu Ihrer Person gespeicherten Daten, deren Herkunft und Verwendungszweck zu erhalten. Ihrem Wunsch nach Auskunft kommen wir gerne nach. Bitte richten Sie ihren schriftlichen Auskunftsanspruch an den Datenschutzbeauftragten der verantwortlichen Stelle (Kontaktdaten siehe unten).<\/span><\/p>\n<p><span style=\"font-size: 150%; color: #4cbed3;\">Aktualisierung dieser Datenschutzerkl\u00e4rung<\/span><\/p>\n<p><span style=\"font-size: 100%; color: #808080;\">Wir behalten uns das Recht zur \u00c4nderung der Datenschutzerkl\u00e4rung vor. Eine \u00c4nderung der Datenschutzerkl\u00e4rung kann aus technischen wie auch aus datenschutzrechtlichen Gr\u00fcnden erfolgen. Wir bitte daher um Beachtung der jeweils aktuellen Version. <\/span><\/p>\n<p>[\/vc_column_text][\/vc_column][\/vc_row]<\/p>\n<\/div>","protected":false},"excerpt":{"rendered":"<p>[vc_row][vc_column][vc_column_text] Datenschutzerkl\u00e4rung &nbsp; Einleitung Als Anbieter dieser Internetseiten sind wir gesetzlich verpflichtet, Sie \u00fcber Zweck, Umfang und Art der Erhebung und Verwendung Ihrer personenbezogenen Daten zu informieren. Damit Sie ein&#8230;<\/p>\n","protected":false},"author":1,"featured_media":0,"parent":0,"menu_order":0,"comment_status":"closed","ping_status":"closed","template":"","meta":{"footnotes":""},"class_list":["post-399","page","type-page","status-publish","hentry"],"_links":{"self":[{"href":"https:\/\/comcloud.info\/index.php?rest_route=\/wp\/v2\/pages\/399","targetHints":{"allow":["GET"]}}],"collection":[{"href":"https:\/\/comcloud.info\/index.php?rest_route=\/wp\/v2\/pages"}],"about":[{"href":"https:\/\/comcloud.info\/index.php?rest_route=\/wp\/v2\/types\/page"}],"author":[{"embeddable":true,"href":"https:\/\/comcloud.info\/index.php?rest_route=\/wp\/v2\/users\/1"}],"replies":[{"embeddable":true,"href":"https:\/\/comcloud.info\/index.php?rest_route=%2Fwp%2Fv2%2Fcomments&post=399"}],"version-history":[{"count":3,"href":"https:\/\/comcloud.info\/index.php?rest_route=\/wp\/v2\/pages\/399\/revisions"}],"predecessor-version":[{"id":406,"href":"https:\/\/comcloud.info\/index.php?rest_route=\/wp\/v2\/pages\/399\/revisions\/406"}],"wp:attachment":[{"href":"https:\/\/comcloud.info\/index.php?rest_route=%2Fwp%2Fv2%2Fmedia&parent=399"}],"curies":[{"name":"wp","href":"https:\/\/api.w.org\/{rel}","templated":true}]}}